{"id":1118,"date":"2023-12-30T15:38:45","date_gmt":"2023-12-30T15:38:45","guid":{"rendered":"https:\/\/www.factoriadeotrosmundos.com\/?post_type=product&#038;p=1118"},"modified":"2026-02-14T14:51:27","modified_gmt":"2026-02-14T14:51:27","slug":"corona-cumpleanos","status":"publish","type":"product","link":"https:\/\/www.factoriadeotrosmundos.com\/index.php\/product\/corona-cumpleanos\/","title":{"rendered":"Corona cumplea\u00f1os tela"},"content":{"rendered":"<p>Corona de cumplea\u00f1os<\/p>\n<p><span style=\"font-weight: 400\">Celebra la magia del cumplea\u00f1os con nuestra corona de fieltro.<\/span><\/p>\n<p><span style=\"font-weight: 400\">En cada fiesta de cumplea\u00f1os, hay un momento m\u00e1gico en el que el ni\u00f1o o la ni\u00f1a de la hora se convierte en el rey o la reina de la celebraci\u00f3n.<\/span><\/p>\n<p><span style=\"font-weight: 400\">Es ligera, c\u00f3moda y perfecta para que los peque\u00f1os la lleven durante toda la fiesta.<\/span><\/p>\n<p><span style=\"font-weight: 400\">\u00a1Haz que el pr\u00f3ximo cumplea\u00f1os sea inolvidable con nuestra corona de fieltro! <\/span><\/p>\n<p>Hazlo a\u00fan m\u00e1s especial celebr\u00e1ndolo con nosotros: https:\/\/letrimagia.com\/cumple\/<\/p>\n","protected":false},"excerpt":{"rendered":"<p>Corona de cumplea\u00f1os<\/p>\n<p><span style=\"font-weight: 400\">Celebra la magia del cumplea\u00f1os con nuestra corona de fieltro.<\/span><\/p>\n<p><span style=\"font-weight: 400\">En cada fiesta de cumplea\u00f1os, hay un momento m\u00e1gico en el que el ni\u00f1o o la ni\u00f1a de la hora se convierte en el rey o la reina de la celebraci\u00f3n.<\/span><\/p>\n<p><span style=\"font-weight: 400\">Es ligera, c\u00f3moda y perfecta para que los peque\u00f1os la lleven durante toda la fiesta.<\/span><\/p>\n<p><span style=\"font-weight: 400\">\u00a1Haz que el pr\u00f3ximo cumplea\u00f1os sea inolvidable con nuestra corona de fieltro! <\/span><\/p>\n<p>Hazlo a\u00fan m\u00e1s especial celebr\u00e1ndolo con nosotros: https:\/\/letrimagia.com\/cumple\/<\/p>\n","protected":false},"featured_media":1119,"comment_status":"open","ping_status":"closed","template":"","meta":[],"product_brand":[],"product_cat":[227,135,229,228,16],"product_tag":[235,234,97,230,231,113,232,64,233],"class_list":{"0":"post-1118","1":"product","2":"type-product","3":"status-publish","4":"has-post-thumbnail","6":"product_cat-cumpleanos","7":"product_cat-de-0-a-3-anos","8":"product_cat-disfraz","9":"product_cat-fiesta","10":"product_cat-productos","11":"product_tag-celebracion","12":"product_tag-celebrar","13":"product_tag-corona","14":"product_tag-cumpelanos","15":"product_tag-cumpleanos-feliz","16":"product_tag-feliz","17":"product_tag-fiesta","18":"product_tag-regalo","19":"product_tag-tarta","20":"product_shipping_class-dulce","22":"first","23":"outofstock","24":"taxable","25":"shipping-taxable","26":"purchasable","27":"product-type-simple"},"_links":{"self":[{"href":"https:\/\/www.factoriadeotrosmundos.com\/index.php\/wp-json\/wp\/v2\/product\/1118","targetHints":{"allow":["GET"]}}],"collection":[{"href":"https:\/\/www.factoriadeotrosmundos.com\/index.php\/wp-json\/wp\/v2\/product"}],"about":[{"href":"https:\/\/www.factoriadeotrosmundos.com\/index.php\/wp-json\/wp\/v2\/types\/product"}],"replies":[{"embeddable":true,"href":"https:\/\/www.factoriadeotrosmundos.com\/index.php\/wp-json\/wp\/v2\/comments?post=1118"}],"wp:featuredmedia":[{"embeddable":true,"href":"https:\/\/www.factoriadeotrosmundos.com\/index.php\/wp-json\/wp\/v2\/media\/1119"}],"wp:attachment":[{"href":"https:\/\/www.factoriadeotrosmundos.com\/index.php\/wp-json\/wp\/v2\/media?parent=1118"}],"wp:term":[{"taxonomy":"product_brand","embeddable":true,"href":"https:\/\/www.factoriadeotrosmundos.com\/index.php\/wp-json\/wp\/v2\/product_brand?post=1118"},{"taxonomy":"product_cat","embeddable":true,"href":"https:\/\/www.factoriadeotrosmundos.com\/index.php\/wp-json\/wp\/v2\/product_cat?post=1118"},{"taxonomy":"product_tag","embeddable":true,"href":"https:\/\/www.factoriadeotrosmundos.com\/index.php\/wp-json\/wp\/v2\/product_tag?post=1118"}],"curies":[{"name":"wp","href":"https:\/\/api.w.org\/{rel}","templated":true}]}}