{"id":512,"date":"2021-05-29T18:50:19","date_gmt":"2021-05-29T18:50:19","guid":{"rendered":"https:\/\/www.factoriadeotrosmundos.com\/?post_type=product&#038;p=512"},"modified":"2022-11-24T07:44:59","modified_gmt":"2022-11-24T07:44:59","slug":"billete-hogwarts-express","status":"publish","type":"product","link":"https:\/\/www.factoriadeotrosmundos.com\/index.php\/product\/billete-hogwarts-express\/","title":{"rendered":"Billete Hogwarts Express"},"content":{"rendered":"<div>Para ir a Hogwarts, deber\u00e1s coger el Hogwarts Express, y para ello necesitas un billete v\u00e1lido.<\/div>\n<div>Solo con \u00e9l podr\u00e1s entrar en el and\u00e9n 9 3\/4 y subir al expreso m\u00e1s m\u00e1gico del mundo.<\/div>\n<div><\/div>\n<div>Este billete no es de pl\u00e1stico, es de cartulina de muy alto gramaje, y tiene dos caras, la de Hogwarts Express y la del and\u00e9n 9 3\/4.<\/div>\n","protected":false},"excerpt":{"rendered":"<div>Para ir a Hogwarts, deber\u00e1s coger el Hogwarts Express, y para ello necesitas un billete v\u00e1lido.<\/div>\n<div>Solo con \u00e9l podr\u00e1s entrar en el and\u00e9n 9 3\/4 y subir al expreso m\u00e1s m\u00e1gico del mundo.<\/div>\n","protected":false},"featured_media":548,"comment_status":"open","ping_status":"closed","template":"","meta":[],"product_brand":[],"product_cat":[18,27,16],"product_tag":[21,35,62,66,34],"class_list":{"0":"post-512","1":"product","2":"type-product","3":"status-publish","4":"has-post-thumbnail","6":"product_cat-fantasia","7":"product_cat-fantasia-2","8":"product_cat-productos","9":"product_tag-fantasia","10":"product_tag-harrypotter","11":"product_tag-hogwarts","12":"product_tag-hogwartsexpress","13":"product_tag-mago","15":"first","16":"instock","17":"taxable","18":"shipping-taxable","19":"purchasable","20":"product-type-simple"},"_links":{"self":[{"href":"https:\/\/www.factoriadeotrosmundos.com\/index.php\/wp-json\/wp\/v2\/product\/512","targetHints":{"allow":["GET"]}}],"collection":[{"href":"https:\/\/www.factoriadeotrosmundos.com\/index.php\/wp-json\/wp\/v2\/product"}],"about":[{"href":"https:\/\/www.factoriadeotrosmundos.com\/index.php\/wp-json\/wp\/v2\/types\/product"}],"replies":[{"embeddable":true,"href":"https:\/\/www.factoriadeotrosmundos.com\/index.php\/wp-json\/wp\/v2\/comments?post=512"}],"wp:featuredmedia":[{"embeddable":true,"href":"https:\/\/www.factoriadeotrosmundos.com\/index.php\/wp-json\/wp\/v2\/media\/548"}],"wp:attachment":[{"href":"https:\/\/www.factoriadeotrosmundos.com\/index.php\/wp-json\/wp\/v2\/media?parent=512"}],"wp:term":[{"taxonomy":"product_brand","embeddable":true,"href":"https:\/\/www.factoriadeotrosmundos.com\/index.php\/wp-json\/wp\/v2\/product_brand?post=512"},{"taxonomy":"product_cat","embeddable":true,"href":"https:\/\/www.factoriadeotrosmundos.com\/index.php\/wp-json\/wp\/v2\/product_cat?post=512"},{"taxonomy":"product_tag","embeddable":true,"href":"https:\/\/www.factoriadeotrosmundos.com\/index.php\/wp-json\/wp\/v2\/product_tag?post=512"}],"curies":[{"name":"wp","href":"https:\/\/api.w.org\/{rel}","templated":true}]}}